) in base 5?
120
What is -3 (base 11) in base 12?
-3
Convert 440 (base 5) to base 10.
120
Convert -1002 (base 4) to base 8.
-102
-3 (base 11) to base 16
-3
-1020 (base 6) to base 8
-344
Convert -24 (base 15) to base 11.
-31
What is -1 (base 8) in base 5?
-1
What is 3 (base 5) in base 6?
3
-6 (base 9) to base 13
-6
-122 (base 5) to base 16
-25
3 (base 12) to base 16
3
What is -10100110 (base 2) in base 8?
-246
20 (base 8) to base 10
16
Convert 0 (base 13) to base 14.
0
Convert -59 (base 16) to base 14.
-65
2 (base 9) to base 11
2
Convert -86 (base 11) to base 4.
-1132
120 (base 4) to base 11
22
What is 3 (base 16) in base 2?
11
Convert -16 (base 7) to base 12.
-11
What is -5 (base 9) in base 10?
-5
-1 (base 11) to base 7
-1
What is -5 (base 7) in base 15?
-5
What is -15 (base 10) in base 15?
-10
-166 (base 7) to base 16
-61
Convert 0 (base 7) to base 5.
0
What is -15 (base 13) in base 8?
-22
Convert -8 (base 15) to base 14.
-8
Convert -10010 (base 2) to base 11.
-17
-3 (base 6) to base 3
-10
Convert 0 (base 5) to base 11.
0
What is -11 (base 9) in base 6?
-14
Convert -3 (base 11) to base 16.
-3
What is 331 (base 4) in base 8?
75
Convert 12 (base 6) to base 16.
8
2 (base 15) to base 8
2
What is 1000 (base 3) in base 8?
33
What is -3 (base 13) in base 14?
-3
-7 (base 9) to base 2
-111
2 (base 7) to base 13
2
6 (base 14) to base 8
6
Convert 14 (base 14) to base 12.
16
What is -22 (base 9) in base 8?
-24
What is -8 (base 15) in base 9?
-8
Convert 150 (base 14) to base 15.
12b
Convert -2 (base 8) to base 11.
-2
What is 143 (base 9) in base 3?
11110
What is 0 (base 2) in base 10?
0
What is 230 (base 4) in base 5?
134
What is 4 (base 15) in base 2?
100
What is 5 (base 11) in base 10?
5
-41 (base 8) to base 6
-53
Convert -2 (base 9) to base 3.
-2
Convert 2 (base 15) to base 3.
2
What is 4 (base 15) in base 10?
4
212 (base 4) to base 5
123
14a (base 12) to base 4
3022
What is 1 (base 5) in base 6?
1
Convert 0 (base 5) to base 12.
0
-172 (base 8) to base 16
-7a
Convert 4 (base 9) to base 5.
4
Convert 4 (base 11) to base 7.
4
What is -1 (base 7) in base 9?
-1
What is -35 (base 13) in base 7?
-62
Convert 79 (base 12) to base 8.
135
What is 3 (base 7) in base 3?
10
-40 (base 8) to base 7
-44
What is -8 (base 15) in base 11?
-8
What is 1 (base 3) in base 7?
1
What is -25 (base 9) in base 5?
-43
What is 7a (base 12) in base 9?
114
10 (base 7) to base 14
7
Convert 2041 (base 5) to base 4.
10033
Convert 25 (base 9) to base 14.
19
-10 (base 6) to base 4
-12
-11 (base 5) to base 10
-6
What is 47 (base 9) in base 8?
53
What is 11 (base 13) in base 6?
22
78 (base 10) to base 2
1001110
What is 101 (base 2) in base 9?
5
Convert -93 (base 10) to base 16.
-5d
What is -1 (base 9) in base 6?
-1
-2 (base 7) to base 10
-2
Convert 1010 (base 2) to base 10.
10
What is 7 (base 15) in base 5?
12
What is -6 (base 12) in base 4?
-12
-3 (base 15) to base 3
-10
-6 (base 15) to base 6
-10
-21 (base 3) to base 9
-7
53 (base 15) to base 13
60
71 (base 14) to base 13
78
-15 (base 7) to base 15
-c
Convert 11 (base 4) to base 12.
5
Convert 233 (base 7) to base 16.
7a
What is 1 (base 12) in base 6?
1
Convert 1 (base 11) to base 3.
1
Convert -4 (base 6) to base 16.
-4
Convert 36 (base 8) to base 7.
42
What is -2 (base 14) in base 11?
-2
Convert 28 (base 10) to base 3.
1001
What is -52 (base 7) in base 12?
-31
Convert 47 (base 11) to base 14.
39
347 (base 9) to base 15
141
Convert 1 (base 4) to base 9.
1
-62 (base 13) to base 3
-2222
Convert 10a (base 11) to base 2.
10000011
What is 3 (base 6) in base 13?
3
Convert -67 (base 12) to base 9.
-87
23 (base 16) to base 4
203
Convert 28 (base 11) to base 14.
22
What is 8 (base 16) in base 10?
8
What is 72 (base 10) in base 6?
200
What is 1 (base 2) in base 3?
1
169 (base 15) to base 13
1bc
What is 6 (base 11) in base 4?
12
Convert -70 (base 16) to base 15.
-77
10 (base 9) to base 5
14
Convert -330 (base 4) to base 15.
-40
-12 (base 8) to base 6
-14
Convert -12001 (base 3) to base 16.
-88
What is -45 (base 6) in base 9?
-32
3 (base 6) to base 10
3
Convert -2 (base 14) to base 13.
-2
What is 21010 (base 3) in base 2?
11000000
Convert 1 (base 10) to base 5.
1
What is -16 (base 7) in base 11?
-12
Convert 192 (base 11) to base 2.
11011110
Convert -19 (base 10) to base 14.
-15
-20 (base 10) to base 5
-40
-13 (base 10) to base 15
-d
Convert 110 (base 3) to base 14.
c
-5 (base 9) to base 3
-12
Convert 6 (base 9) to base 8.
6
-77 (base 14) to base 3
-10220
Convert -16 (base 7) to base 5.
-23
Convert 2 (base 13) to base 8.
2
Convert -12011 (base 3) to base 10.
-139
What is 7 (base 13) in base 2?
111
Convert 13 (base 5) to base 13.
8
Convert 2 (base 15) to base 6.
2
What is 0 (base 5) in base 8?
0
Convert -1111 (base 3) to base 8.
-50
-48 (base 15) to base 4
-1010
Convert a (base 14) to base 10.
10
Convert 1 (base 2) to base 10.
1
What is -3001 (base 5) in base 16?
-178
Convert 1b (base 15) to base 6.
42
-72 (base 12) to base 14
-62
Convert -1 (base 12) to base 6.
-1
-8 (base 16) to base 12
-8
4 (base 8) to base 2
100
-5 (base 15) to base 14
-5
Convert -1 (base 14) to base 11.
-1
What is 3 (base 10) in base 3?
10
Convert 11 (base 2) to base 11.
3
37 (base 11) to base 4
220
14 (base 7) to base 13
b
-212 (base 3) to base 8
-27
Convert -112 (base 4) to base 2.
-10110
What is -2 (base 4) in base 8?
-2
Convert -6 (base 12) to base 4.
-12
Convert -1011 (base 2) to base 6.
-15
10 (base 2) to base 15
2
What is 1 (base 7) in base 13?
1
Convert 4 (base 11) to base 12.
4
Convert -19 (base 13) to base 3.
-211
What is -3 (base 13) in base 8?
-3
275 (base 8) to base 11
162
-7 (base 10) to base 12
-7
2 (base 15) to base 3
2
Convert -2 (base 9) to base 6.
-2
What is 1011 (base 2) in base 10?
11
What is -14 (base 16) in base 3?
-202
What is 22 (base 14) in base 11?
28
Convert -2 (base 5) to base 7.
-2
-172 (base 11) to base 16
-c8
What is 0 (base 14) in base 9?
0
Convert 0 (base 11) to base 15.
0
4 (base 6) to base 16
4
a (base 11) to base 13
a
-13 (base 5) to base 6
-12
Convert -14 (base 6) to base 9.
-11
Convert 3 (base 16) to base 12.
3
Convert -11 (base 3) to base 15.
-4
Convert 102 (base 4) to base 6.
30
Convert -45 (base 11) to base 16.
-31
What is -2002 (base 4) in base 11?
-109
1 (base 5) to base 3
1
Convert 15 (base 7) to base 15.
c
255 (base 9) to base 4
3110
-221 (base 11) to base 12
-1a1
What is 18 (base 15) in base 2?
10111
2310 (base 4) to base 10
180
130 (base 13) to base 4
3100
What is -203 (base 4) in base 12?
-2b
Convert -3 (base 15) to base 7.
-3
-10 (base 16) to base 7
-22
-12 (base 3) to base 11
-5
7 (base 11) to base 8
7
What is -8 (base 13) in base 16?
-8
Convert -11 (base 6) to base 5.
-12
What is 211 (base 6) in base 8?
117
What is 2133 (base 4) in base 11?
135
What is -1 (base 10) in base 16?
-1
-22 (base 16) to base 5
-114
Convert -3 (base 14) to base 15.
-3
Convert -4 (base 12) to base 8.
-4
Convert 132 (base 5) to base 2.
101010
Convert 1101000 (base 2) to base 9.
125
What is -9 (base 12) in base 3?
-100
Convert -7 (base 9) to base 12.
-7
Convert 8 (base 16) to base 5.
13
Convert -1 (base 14) to base 13.
-1
What is -15 (base 8) in base 12?
-11
Convert -23 (base 10) to base 9.
-25
-1 (base 12) to base 10
-1
What is -94 (base 16) in base 5?
-1043
a (base 16) to base 3
101
210 (base 4) to base 2
100100
Convert 26 (base 9) to base 14.
1a
Convert 312 (base 5) to base 11.
75
What is 601 (base 7) in base 2?
100100111
Convert 0 (base 16) to base 4.
0
What is -4 (base 7) in base 9?
-4
0 (base 5) to base 3
0
What is -4 (base 6) in base 3?
-11
c (base 13) to base 8
14
2 (base 6) to base 7
2
Convert 42 (base 16) to base 6.
150
Convert 5 (base 15) to base 11.
5
3 (base 7) to base 11
3
What is 3 (base 11) in base 13?
3
-1121 (base 3) to base 15
-2d
Convert 40 (base 7) to base 5.
103
What is 46 (base 8) in base 3?
1102
What is 5 (base 6) in base 4?
11
What is -5 (base 8) in base 3?
-12
What is -2 (base 3) in base 14?
-2
What is -2 (base 7) in base 13?
-2
What is -220 (base 3) in base 8?
-30
Convert 150 (base 8) to base 13.
80
What is -14 (base 7) in base 4?
-23
Convert 1001100 (base 2) to base 11.
6a
23 (base 13) to base 15
1e
10101 (base 2) to base 5
41
Convert 101 (base 9) to base 7.
145
What is -133 (base 12) in base 11?
-157
120 (base 7) to base 2
11